{"id":320,"date":"2019-01-14T12:31:48","date_gmt":"2019-01-14T12:31:48","guid":{"rendered":"http:\/\/kbv-wiesederfehn.de\/?page_id=320"},"modified":"2019-01-20T16:36:43","modified_gmt":"2019-01-20T16:36:43","slug":"geschichte-des-hier-up-an-gedenksteins%ef%bb%bf","status":"publish","type":"page","link":"https:\/\/kbv-wiesederfehn.de\/?page_id=320","title":{"rendered":"Geschichte des \u201eHier up an\u201c &#8211; Gedenksteins\ufeff"},"content":{"rendered":"\n<p><strong>Geschichte\ndes \u201eHier up an\u201c &#8211; Gedenkstein<\/strong><\/p>\n\n\n\n<p>1989 feierte unser KBV\nsein 75-j\u00e4hriges Vereinsjubil\u00e4um. Im Zuge der Feierlichkeiten entstand die Idee,\nmit einem gro\u00dfen Gedenkstein an die Vereinsgr\u00fcndung im Jahr 1914 zu erinnern.<\/p>\n\n\n\n<p>Ideen auch in die Tat umzusetzen,\ndass ist f\u00fcr unseren Verein bis heute aufgrund vieler Helfer und F\u00f6rderer in\nder Regel kein Problem. Nach Abschluss der Feierlichkeiten begann daher die\nSuche nach einem geeigneten Findling und es galt ein geeignetes Grundst\u00fcck zu\nfinden. An der Ecke \u201eHopelser Weg \/ T\u00fcrkeier Weg\u201c wurde auf dem Gel\u00e4nde einer\nehemaligen kleinen \u201eSchuttkuhle\u201c direkt an der Bo\u00dfelstrecke ein geeignetes\nPl\u00e4tzchen gefunden. Und nach l\u00e4ngerer Suche wurde auch\nein geeigneter Findling auf den L\u00e4ndereien von Johann und Dieter Theen in\nHopels entdeckt. Der Findling ragte nur ca. 50 Zentimeter aus dem Boden, die\ntats\u00e4chlichen Ausma\u00dfe wurden erst beim sp\u00e4teren Ausgraben deutlich. &nbsp;<\/p>\n\n\n\n<p>W\u00e4hrend einer Frost-\nund Schneeperiode im Winter 1990\/1991 wurde der Stein durch &nbsp;Vorstandsmitglieder und tatkr\u00e4ftige Helfer\nfreigelegt. Aufgrund des hartgefrorenen Bodens konnte der Stein schlie\u00dflich von\nHeinz Harms (Mullberg) mit einem gro\u00dfen Radlader aus dem Loch gehoben werden. Auf\ndie erfolgreiche Bergung wurde nat\u00fcrlich erstmal angesto\u00dfen! Das enorme Gewicht\nwurde auf rd. 5 Tonnen gesch\u00e4tzt und brachte den Radlader beim Transport an die\nLeistungsgrenze. Zum Gl\u00fcck war der Hopelser Weg mit einer festgefahrenen\nSchneedecke \u00fcberzogen und der Stein konnte \u201emehr oder weniger\u201c zu seinem\nAufstellungsort geschoben werden.<\/p>\n\n\n\n<p>Im Fr\u00fchjahr 1991\nbegannen die vorbereitenden Arbeiten am Aufstellungsort. F\u00fcr die notwendige\nStandsicherheit auf einem Sockel erfolgte ein Bodenaustausch, hier half uns Harald\nAsche tatkr\u00e4ftig mit einem Bagger bei den umfangreichen Erdarbeiten. Ebenso wurde\neine Fl\u00e4che f\u00fcr eine rustikale Sitzgruppe gepflastert, eine erg\u00e4nzende\nBepflanzung zu den vorhandenen B\u00e4umen und Str\u00e4uchern wurde au\u00dferdem vorgenommen.\nAlle notwendigen Arbeiten wurden in Eigenleistung durch unsere Mitglieder\nerstellt. Lediglich die Beschriftung \u201e75 Jahre KBV \u201eHier up an\u201c Gegr. 1914\u201c\nwurde durch Steinmetz Uldis Kursiss (Friedeburg) erstellt. <\/p>\n\n\n\n<div class=\"wp-block-image\"><figure class=\"aligncenter\"><img loading=\"lazy\" decoding=\"async\" width=\"375\" height=\"240\" src=\"https:\/\/kbv-wiesederfehn.de\/wp-content\/uploads\/2019\/01\/image001-1.png\" alt=\"\" class=\"wp-image-491\" srcset=\"https:\/\/kbv-wiesederfehn.de\/wp-content\/uploads\/2019\/01\/image001-1.png 375w, https:\/\/kbv-wiesederfehn.de\/wp-content\/uploads\/2019\/01\/image001-1-300x192.png 300w, https:\/\/kbv-wiesederfehn.de\/wp-content\/uploads\/2019\/01\/image001-1-150x96.png 150w\" sizes=\"(max-width: 375px) 100vw, 375px\" \/><\/figure><\/div>\n\n\n\n<p>Nach rund zwei Jahren Planungs-\nund Vorbereitungszeit wurde unser Gedenkstein schlie\u00dflich am 27.07.1991 z\u00fcnftig\neingeweiht. Bei bestem Sommerwetter verfolgten etwa 150 Vereinsmitglieder und\nG\u00e4ste die Enth\u00fcllung durch Ehrenmitglied Gerd Asche und B\u00fcrgermeister Hinrich\nBehrends. Bei k\u00fchlen Getr\u00e4nken und Bratwurst wurde die erfolgreiche Umsetzung\nder Idee einer Gedenksteinsetzung aus dem Jubil\u00e4umsjahr gefeiert. Musikalisch\numrahmten die \u201eD\u00f6schdeelmusikanten\u201c die Feier, auch unsere Vereinsfahne durfte\nnat\u00fcrlich&nbsp; zu diesem feierlichen Anlass\nnicht fehlen. <\/p>\n\n\n\n<p>In den folgenden Jahren\nnutzten viele Bo\u00dfel- und Fahrradgruppen den idyllischen Rastplatz f\u00fcr eine\nErholungspause. Urspr\u00fcnglich sollte der Gedenkstein nat\u00fcrlich f\u00fcr alle Zeit\nseinen Platz behalten, doch nach 21 Jahren erfolgte doch ein Umzug des\nGedenksteins zum Dorfgemeinschaftshaus.<\/p>\n\n\n\n<p><strong>Umzug\ndes KBV Gedenksteins zum Dorfgemeinschaftshaus<\/strong><\/p>\n\n\n\n<p>Im Jahr 2012 begannen umfangreiche Erweiterungs- und Umgestaltungsarbeiten\nam Dorfgemeinschaftshaus. Der Au\u00dfenbereich am Dorfgemeinschaftshaus wurde zusammen\nmit den Mitgliedern der Dorfgemeinschaft in vielen hundert Arbeitsstunden neu\ngestaltet. W\u00e4hrend der Arbeitswochen entstand die Idee, unseren Gedenkstein und\ndie zugeh\u00f6rigen Sitzgruppen in die Au\u00dfenanlagen zu integrieren. Kurzfristig\nwurden Skizzen erstellt und alle notwendigen Dinge vorbereitet. F\u00fcr die\nStandsicherheit erfolgte ein Bodenaustausch. Am 06.10.2012 erfolgte dann der\nUmzug des Gedenksteines.<\/p>\n\n\n\n<p>F\u00fcr unsere Vereinshomepage erstellten unsere damaligen C-Jugendwerferinnen\nNele Gurris und Jana Gerdes folgenden Bericht:<\/p>\n\n\n\n<p><strong>Der\nKBV-Gedenkstein ist umgezogen!<\/strong><\/p>\n\n\n\n<p><em>Es\nwar ein regnerischer Tag am 06.10.2012, an dem unser \u201edicker Stein\u201c vom\nbisherigen Platz Ecke T\u00fcrkeier Weg \/ Hopelser Weg zu unserem Dorfgemeinschaftshaus\numziehen sollte. Unser Stein steht zuk\u00fcnftig an unserem Vereinsheim, da der\nAu\u00dfenbereich umgestaltet wird. Der Stein wurde anl\u00e4sslich unseres 75-j\u00e4hrigen\nJubil\u00e4ums gesetzt, damals wurde der Stein bei Familie Theen in Hopels\nausgegraben. <\/em><\/p>\n\n\n\n<p><em>Gegen\n09.00 Uhr war es dann soweit. Frank Behrends kam mit einem riesigen Radlader <\/em>(zur\nVerf\u00fcgung gestellt von Bohlen &amp; Doyen)<em>,\nder kann bis zu 8 Tonnen heben, angefahren. Ebenfalls haben beim Abbau und bei\nder Neusetzung Holger Wilken, Holger Hellbusch, R\u00fcdiger Eckstein, Hans-J\u00fcrgen\nGerdes, Daniel Reis, Karl-Dieter Jelken, Erhard Gerdes, Sebastian Gerdes und\nStephan Gerdes mitgeholfen. Karin Gerdes hat f\u00fcr ein Fr\u00fchst\u00fcck f\u00fcr die flei\u00dfigen\nHelfer gesorgt.Der Stein wurde freigelegt und dann vorsichtig zum\nDorfgemeinschaftshaus gefahren. An seinem neuen Standort wurde dann alles\nausgemessen und vorbereitet. Vorsichtig wurde der Stein an seinem neuen Platz\nwieder abgesetzt, um 11.00 Uhr waren die Arbeiten erledigt.<\/em><\/p>\n\n\n\n<p><em>Nele\nGurris und Jana Gerdes<\/em><\/p>\n\n\n\n<div class=\"wp-block-image\"><figure class=\"aligncenter\"><img loading=\"lazy\" decoding=\"async\" width=\"951\" height=\"619\" src=\"https:\/\/kbv-wiesederfehn.de\/wp-content\/uploads\/2019\/01\/image002-1.png\" alt=\"\" class=\"wp-image-494\" srcset=\"https:\/\/kbv-wiesederfehn.de\/wp-content\/uploads\/2019\/01\/image002-1.png 951w, https:\/\/kbv-wiesederfehn.de\/wp-content\/uploads\/2019\/01\/image002-1-300x195.png 300w, https:\/\/kbv-wiesederfehn.de\/wp-content\/uploads\/2019\/01\/image002-1-768x500.png 768w, https:\/\/kbv-wiesederfehn.de\/wp-content\/uploads\/2019\/01\/image002-1-150x98.png 150w\" sizes=\"(max-width: 951px) 100vw, 951px\" \/><\/figure><\/div>\n\n\n\n<p>Unser Gedenkstein f\u00fcgt\nsich harmonisch in den neugestalteten Au\u00dfenbereich ein. Anl\u00e4sslich unsers\n100-j\u00e4hrigen Vereinsjubil\u00e4um wurde die Aufschrift erg\u00e4nzt und lautet nun:&nbsp; 100 Jahre KBV \u201eHier up an\u201c Gegr. 1914. &nbsp;<\/p>\n\n\n\n<div class=\"wp-block-image\"><figure class=\"aligncenter\"><img loading=\"lazy\" decoding=\"async\" width=\"421\" height=\"795\" src=\"https:\/\/kbv-wiesederfehn.de\/wp-content\/uploads\/2019\/01\/image004-3.png\" alt=\"\" class=\"wp-image-493\" srcset=\"https:\/\/kbv-wiesederfehn.de\/wp-content\/uploads\/2019\/01\/image004-3.png 421w, https:\/\/kbv-wiesederfehn.de\/wp-content\/uploads\/2019\/01\/image004-3-159x300.png 159w, https:\/\/kbv-wiesederfehn.de\/wp-content\/uploads\/2019\/01\/image004-3-79x150.png 79w\" sizes=\"(max-width: 421px) 100vw, 421px\" \/><\/figure><\/div>\n\n\n\n<p>An unserem Jubil\u00e4umstag\nam 28.02.2014 wurde der Stein an seinem neuen Standort neu durch Pastor Stefan\nWolf geweiht, ebenfalls wurde eine Schautafel mit unserer Vereinsgeschichte am\nDorfgemeinschaftshaus enth\u00fcllt. <\/p>\n\n\n\n<p><\/p>\n","protected":false},"excerpt":{"rendered":"<p>Geschichte des \u201eHier up an\u201c &#8211; Gedenkstein 1989 feierte unser KBV sein 75-j\u00e4hriges Vereinsjubil\u00e4um. Im Zuge der Feierlichkeiten entstand die Idee, mit einem gro\u00dfen Gedenkstein an die Vereinsgr\u00fcndung im Jahr&#8230;<\/p>\n<p class=\"continue-reading-button\"> <a class=\"continue-reading-link\" href=\"https:\/\/kbv-wiesederfehn.de\/?page_id=320\">Mehr lesen<i class=\"crycon-right-dir\"><\/i><\/a><\/p>\n","protected":false},"author":1,"featured_media":0,"parent":0,"menu_order":0,"comment_status":"closed","ping_status":"closed","template":"","meta":{"ngg_post_thumbnail":0,"footnotes":""},"_links":{"self":[{"href":"https:\/\/kbv-wiesederfehn.de\/index.php?rest_route=\/wp\/v2\/pages\/320"}],"collection":[{"href":"https:\/\/kbv-wiesederfehn.de\/index.php?rest_route=\/wp\/v2\/pages"}],"about":[{"href":"https:\/\/kbv-wiesederfehn.de\/index.php?rest_route=\/wp\/v2\/types\/page"}],"author":[{"embeddable":true,"href":"https:\/\/kbv-wiesederfehn.de\/index.php?rest_route=\/wp\/v2\/users\/1"}],"replies":[{"embeddable":true,"href":"https:\/\/kbv-wiesederfehn.de\/index.php?rest_route=%2Fwp%2Fv2%2Fcomments&post=320"}],"version-history":[{"count":3,"href":"https:\/\/kbv-wiesederfehn.de\/index.php?rest_route=\/wp\/v2\/pages\/320\/revisions"}],"predecessor-version":[{"id":495,"href":"https:\/\/kbv-wiesederfehn.de\/index.php?rest_route=\/wp\/v2\/pages\/320\/revisions\/495"}],"wp:attachment":[{"href":"https:\/\/kbv-wiesederfehn.de\/index.php?rest_route=%2Fwp%2Fv2%2Fmedia&parent=320"}],"curies":[{"name":"wp","href":"https:\/\/api.w.org\/{rel}","templated":true}]}}