{"id":442,"date":"2019-01-20T15:15:05","date_gmt":"2019-01-20T15:15:05","guid":{"rendered":"http:\/\/kbv-wiesederfehn.de\/?page_id=442"},"modified":"2024-03-26T14:00:12","modified_gmt":"2024-03-26T14:00:12","slug":"erweiterter-vorstand","status":"publish","type":"page","link":"https:\/\/kbv-wiesederfehn.de\/?page_id=442","title":{"rendered":"Erweiterter Vorstand\ufeff"},"content":{"rendered":"\n<p>Der erweiterte Vorstand unterst\u00fctzt den Vereinsvorstand gem\u00e4\u00df der Vereinssatzung in der<br>Vereinsf\u00fchrung. Der Vorstand bestimmt dabei die Aufgaben die vom erweiterten Vorstand<br>\u00fcbernommen werden. Der erweiterte Vorstand wird in den geraden Jahren auf der<br>Jahreshauptversammlung f\u00fcr 2 Jahre gew\u00e4hlt.<\/p>\n\n\n\n<p>Lt. Satzung geh\u00f6ren zum erweiterten Vorstand die Position bzw. das Amt des Bahnweiser,<br>stellv. Schriftf\u00fchrer, stellv. Jugendwart und der Seniorenbetreuer. Eine Aufstockung ist<br>jederzeit m\u00f6glich. Des Weiteren geh\u00f6ren Ehrenvorsitzende und Ehrenmitglieder des<br>Vorstandes zum erweiterten Vorstand.<\/p>\n\n\n\n<p><strong>Aktuelle Besetzung des erweiterten Vorstands (Stand 26.01.2024)<\/strong>:<\/p>\n\n\n\n<figure class=\"wp-block-table is-style-stripes\"><table><tbody><tr><td>Bahnweiser<\/td><td>Erhard Gerdes, seit 2016<\/td><\/tr><tr><td>Stellv. Jugendwart<\/td><td>Bettina Behrends<\/td><\/tr><tr><td>Stellv. Schriftf\u00fchrer<\/td><td>aktuell nicht besetzt<\/td><\/tr><tr><td>Medienwart<\/td><td>Christian Gellermann, seit 2018<\/td><\/tr><tr><td>Seniorenwart<\/td><td>aktuell nicht besetzt<\/td><\/tr><tr><td>Social-Media-Wartin<\/td><td>Svenja Schoon, seit 2024<\/td><\/tr><tr><td>Ehrenmitglied im Vorstand<\/td><td>Gerold Harms, seit 1994<\/td><\/tr><\/tbody><\/table><\/figure>\n\n\n\n<p><\/p>\n","protected":false},"excerpt":{"rendered":"<p>Der erweiterte Vorstand unterst\u00fctzt den Vereinsvorstand gem\u00e4\u00df der Vereinssatzung in derVereinsf\u00fchrung. Der Vorstand bestimmt dabei die Aufgaben die vom erweiterten Vorstand\u00fcbernommen werden. Der erweiterte Vorstand wird in den geraden Jahren&#8230;<\/p>\n<p class=\"continue-reading-button\"> <a class=\"continue-reading-link\" href=\"https:\/\/kbv-wiesederfehn.de\/?page_id=442\">Mehr lesen<i class=\"crycon-right-dir\"><\/i><\/a><\/p>\n","protected":false},"author":1,"featured_media":0,"parent":0,"menu_order":0,"comment_status":"closed","ping_status":"closed","template":"","meta":{"ngg_post_thumbnail":0,"footnotes":""},"class_list":["post-442","page","type-page","status-publish","hentry"],"_links":{"self":[{"href":"https:\/\/kbv-wiesederfehn.de\/index.php?rest_route=\/wp\/v2\/pages\/442","targetHints":{"allow":["GET"]}}],"collection":[{"href":"https:\/\/kbv-wiesederfehn.de\/index.php?rest_route=\/wp\/v2\/pages"}],"about":[{"href":"https:\/\/kbv-wiesederfehn.de\/index.php?rest_route=\/wp\/v2\/types\/page"}],"author":[{"embeddable":true,"href":"https:\/\/kbv-wiesederfehn.de\/index.php?rest_route=\/wp\/v2\/users\/1"}],"replies":[{"embeddable":true,"href":"https:\/\/kbv-wiesederfehn.de\/index.php?rest_route=%2Fwp%2Fv2%2Fcomments&post=442"}],"version-history":[{"count":11,"href":"https:\/\/kbv-wiesederfehn.de\/index.php?rest_route=\/wp\/v2\/pages\/442\/revisions"}],"predecessor-version":[{"id":5274,"href":"https:\/\/kbv-wiesederfehn.de\/index.php?rest_route=\/wp\/v2\/pages\/442\/revisions\/5274"}],"wp:attachment":[{"href":"https:\/\/kbv-wiesederfehn.de\/index.php?rest_route=%2Fwp%2Fv2%2Fmedia&parent=442"}],"curies":[{"name":"wp","href":"https:\/\/api.w.org\/{rel}","templated":true}]}}

<p>Der erweiterte Vorstand unterstützt den Vereinsvorstand gemäß der Vereinssatzung in der<br>Vereinsführung. Der Vorstand bestimmt dabei die Aufgaben die vom erweiterten Vorstand<br>übernommen werden. Der erweiterte Vorstand wird in den geraden Jahren auf der<br>Jahreshauptversammlung für 2 Jahre gewählt.</p>



<p>Lt. Satzung gehören zum erweiterten Vorstand die Position bzw. das Amt des Bahnweiser,<br>stellv. Schriftführer, stellv. Jugendwart und der Seniorenbetreuer. Eine Aufstockung ist<br>jederzeit möglich. Des Weiteren gehören Ehrenvorsitzende und Ehrenmitglieder des<br>Vorstandes zum erweiterten Vorstand.</p>



<p><strong>Aktuelle Besetzung des erweiterten Vorstands (Stand 26.01.2024)</strong>:</p>



<figure class="wp-block-table is-style-stripes"><table><tbody><tr><td>Bahnweiser</td><td>Erhard Gerdes, seit 2016</td></tr><tr><td>Stellv. Jugendwart</td><td>Bettina Behrends</td></tr><tr><td>Stellv. Schriftführer</td><td>aktuell nicht besetzt</td></tr><tr><td>Medienwart</td><td>Christian Gellermann, seit 2018</td></tr><tr><td>Seniorenwart</td><td>aktuell nicht besetzt</td></tr><tr><td>Social-Media-Wartin</td><td>Svenja Schoon, seit 2024</td></tr><tr><td>Ehrenmitglied im Vorstand</td><td>Gerold Harms, seit 1994</td></tr></tbody></table></figure>



<p></p>

<p>Der erweiterte Vorstand unterstützt den Vereinsvorstand gemäß der Vereinssatzung in derVereinsführung. Der Vorstand bestimmt dabei die Aufgaben die vom erweiterten Vorstandübernommen werden. Der erweiterte Vorstand wird in den geraden Jahren&#8230;</p>
<p class="continue-reading-button"> <a class="continue-reading-link" href="https://kbv-wiesederfehn.de/?page_id=442">Mehr lesen<i class="crycon-right-dir"></i></a></p>
