{"id":69,"date":"2018-11-18T12:46:24","date_gmt":"2018-11-18T12:46:24","guid":{"rendered":"http:\/\/kbv-wiesederfehn.de\/?page_id=69"},"modified":"2024-04-03T09:43:23","modified_gmt":"2024-04-03T09:43:23","slug":"ehrungen","status":"publish","type":"page","link":"https:\/\/kbv-wiesederfehn.de\/?page_id=69","title":{"rendered":"Ehrenmitglieder"},"content":{"rendered":"\n<p class=\"has-text-align-center\"><strong>Helga Hagedorn am 26. Januar 2024 zum Ehrenmitglied ernannt!<\/strong><\/p>\n\n\n\n<p class=\"has-text-align-center\">Auf der Jahreshauptversammlung am 26. Januar 2024 wurde Helga Hagedorn wegen besonderer<br>Verdienste auf Antrag des Vorstandes einstimmig zum Ehrenmitglied ernannt. Sichtlich bewegt<br>freute sich Helga sehr \u00fcber die \u00dcberraschung.<br>Helga war von 1992 bis zur Fusion des Damen- und M\u00e4nnervereins im Jahr 2008 die 1. Vorsitzende<br>des Damenvereins. Die sportlichen Erfolge der Damenabteilung und der enorme Mitgliederzuwachs<br>sind untrennbar mit der Arbeit von Helga verbunden. Zudem war sie als Jugendbetreuerin und viele<br>Jahre im Festausschuss aktiv. Aber auch im Kreisverband Friedeburg hat Helga erfolgreiche Arbeit<br>als Staffelleiterin und als Mitglied im Schiedsgericht geleistet.<\/p>\n\n\n<div class=\"wp-block-image\">\n<figure class=\"aligncenter size-large is-resized\"><img loading=\"lazy\" decoding=\"async\" width=\"768\" height=\"1024\" src=\"https:\/\/kbv-wiesederfehn.de\/wp-content\/uploads\/2024\/04\/Helga-768x1024.jpg\" alt=\"\" class=\"wp-image-5283\" style=\"width:340px;height:auto\" srcset=\"https:\/\/kbv-wiesederfehn.de\/wp-content\/uploads\/2024\/04\/Helga-768x1024.jpg 768w, https:\/\/kbv-wiesederfehn.de\/wp-content\/uploads\/2024\/04\/Helga-225x300.jpg 225w, https:\/\/kbv-wiesederfehn.de\/wp-content\/uploads\/2024\/04\/Helga-1152x1536.jpg 1152w, https:\/\/kbv-wiesederfehn.de\/wp-content\/uploads\/2024\/04\/Helga-113x150.jpg 113w, https:\/\/kbv-wiesederfehn.de\/wp-content\/uploads\/2024\/04\/Helga.jpg 1500w\" sizes=\"(max-width: 768px) 100vw, 768px\" \/><\/figure><\/div>\n\n\n<p class=\"has-text-align-center\">Hier eine \u00dcbersicht aller Ehrenmitglieder aus unserer langen Vereinsgeschichte. Alle Ehrenmitglieder haben sich in herausragender Art um unseren \u201eHier up an\u201c verdient gemacht. <\/p>\n\n\n\n<figure class=\"wp-block-table\"><table><tbody><tr><td class=\"has-text-align-left\" data-align=\"left\">\n  <strong>Name:<\/strong>\n  <\/td><td>\n  <strong>Ernennung zum:<\/strong>\n  <\/td><td>\n  <strong>Jahr der Ernennung:<\/strong>\n  <\/td><td>\n  &nbsp;\n  <\/td><\/tr><tr><td class=\"has-text-align-left\" data-align=\"left\">\n  Eduard Dirks\n  <\/td><td>\n  Ehrenmitglied als Gr\u00fcndungsmitglieder \n  <\/td><td>\n  1950\n  <\/td><td>\n  \u2020 1986\n  <\/td><\/tr><tr><td class=\"has-text-align-left\" data-align=\"left\">\n  Johann Gerdes\n  <\/td><td>\n  Ehrenmitglied als\n  Gr\u00fcndungsmitglieder\n  <\/td><td>\n  1950\n  <\/td><td>\n  Austritt\n  <\/td><\/tr><tr><td class=\"has-text-align-left\" data-align=\"left\">\n  Hinrich Asche\n  <\/td><td>\n  Ehrenmitglied als Gr\u00fcndungsmitglieder\n  <\/td><td>\n  1950\n  <\/td><td>\n  \u2020 1971\n  <\/td><\/tr><tr><td class=\"has-text-align-left\" data-align=\"left\">\n  Conrad L\u00fccken \n  <\/td><td>\n  Ehrenvorsitzender \n  <\/td><td>\n  1962\n  <\/td><td>\n  Austritt\n  <\/td><\/tr><tr><td class=\"has-text-align-left\" data-align=\"left\">\n  August Ahlfs\n  <\/td><td>\n  Ehrenmitglied \n  <\/td><td>\n  1962\n  <\/td><td>\n  \u2020 1970\n  <\/td><\/tr><tr><td class=\"has-text-align-left\" data-align=\"left\">\n  Hermann H\u00f6fing \n  <\/td><td>\n  Ehrenmitglied\n  <\/td><td>\n  1962\n  <\/td><td>\n  \u2020 1978\n  <\/td><\/tr><tr><td class=\"has-text-align-left\" data-align=\"left\">\n  Hinrich Kapferman\n  <\/td><td>\n  Ehrenmitglied\n  <\/td><td>\n  1968\n  <\/td><td>\n  \u2020 1988\n  <\/td><\/tr><tr><td class=\"has-text-align-left\" data-align=\"left\">\n  Gerd Asche\n  <\/td><td>\n  Ehrenmitglied\n  <\/td><td>\n  1982\n  <\/td><td>\n  \u2020 1992\n  <\/td><\/tr><tr><td class=\"has-text-align-left\" data-align=\"left\">\n  Hanni Heudeb\u00fclt\n  <\/td><td>\n  Ehrenmitglied Damenbo\u00dfelverein\n  <\/td><td>\n  1984\n  <\/td><td>   \u2020 1993  <\/td><\/tr><tr><td class=\"has-text-align-left\" data-align=\"left\">\n  Gerold Harms\n  <\/td><td>\n  Ehrenmitglied des\n  Vorstandes\n  <\/td><td>\n  1994\n  <\/td><td>\n  &nbsp;\n  <\/td><\/tr><tr><td class=\"has-text-align-left\" data-align=\"left\">\n  Alwin Schoon\n  <\/td><td>\n  Ehrenmitglied\n  <\/td><td>\n  1997\n  <\/td><td>\n  \u2020 1997\n  <\/td><\/tr><tr><td class=\"has-text-align-left\" data-align=\"left\">\n  Hans-Hermann Hauschildt\n  <\/td><td>\n  Ehrenvorsitzender \n  <\/td><td>\n  2002\n  <\/td><td>   \u2020 2021<\/td><\/tr><tr><td class=\"has-text-align-left\" data-align=\"left\">\n  Hinrich Asche\n  <\/td><td>\n  Ehrenmitglied des Vorstandes\n  <\/td><td>\n  2002\n  <\/td><td>   \u2020 2020  &nbsp;   <\/td><\/tr><tr><td class=\"has-text-align-left\" data-align=\"left\">\n  Fritz Heien\n  <\/td><td>\n  Ehrenmitglied\n  <\/td><td>\n  2009\n  <\/td><td>\n  \u2020 2016\n  <\/td><\/tr><tr><td class=\"has-text-align-left\" data-align=\"left\">\n  Wiard M\u00fcller\n  <\/td><td>\n  Ehrenmitglied\n  <\/td><td>\n  2013\n  <\/td><td>\n  &nbsp;\n  <\/td><\/tr><tr><td class=\"has-text-align-left\" data-align=\"left\">\n  Erhard Gerdes\n  <\/td><td>\n  Ehrenmitglied\n  <\/td><td>\n  2016\n  <\/td><td>\n  &nbsp;\n  <\/td><\/tr><tr><td class=\"has-text-align-left\" data-align=\"left\">\n  Frieda Dirks\n  <\/td><td>\n  Ehrenmitglied\n  <\/td><td>\n  2018\n  <\/td><td>\n  &nbsp;\n  <\/td><\/tr><tr><td class=\"has-text-align-left\" data-align=\"left\">\n  Helmut Dirks\n  <\/td><td>\n  Ehrenmitglied\n  <\/td><td>\n  2018\n  <\/td><td>   &nbsp;   <\/td><\/tr><tr><td class=\"has-text-align-left\" data-align=\"left\">   Helga Hagedorn<\/td><td>   Ehrenmitglied<\/td><td>   2024<\/td><td><\/td><\/tr><\/tbody><\/table><\/figure>\n\n\n\n<p class=\"has-text-align-center\"><strong>Frieda und Helmut Dirks zu Ehrenmitgliedern ernannt!<\/strong><\/p>\n\n\n\n<p class=\"has-text-align-center\">Einer der H\u00f6hepunkte des Sommerfestes 2018 war die Ernennung von Frieda und Helmut Dirks zu<br>Ehrenmitgliedern des Vereins. Eine Ernennung zum Ehrenmitglied erfolgt im KBV Wiesederfehn<\/p>\n\n\n\n<p class=\"has-text-align-center\">nur sehr selten. Die Jahreshauptversammlung im Januar hatte diese Ehrung vorgeschlagen und<br>beschlossen. Die \u00dcberraschung konnte tats\u00e4chlich von Januar bis zur \u00dcbergabe am 22. Juli geheim<br>gehalten werden und Frieda und Helmut Dirks waren sichtlich \u00fcberrascht. Beide haben sich durch<br>herausragenden Einsatz bis heute um den KBV Wiesederfehn verdient gemacht. Seit vielen Jahren<br>stellen die beiden Ihre R\u00e4umlichkeiten vor allem den Seniorengruppen zur Verf\u00fcgung und<br>\u00fcbernehmen liebevoll die Betreuung. Frieda Dirks war zudem Gr\u00fcndungsmitglied der<br>Damenabteilung 1964. Helmut Dirks war u.a. langj\u00e4hriger 2. Vorsitzender, Fahnentr\u00e4ger der<br>Vereinsfahne und Bahnweiser und ist seit 70 Jahren im Verein! Beide bo\u00dfeln noch w\u00f6chentlich in<br>den Seniorengruppen. Auf die Ehrung wurde mit einem Glas Sekt angesto\u00dfen.<\/p>\n\n\n<div class=\"wp-block-image\">\n<figure class=\"aligncenter size-full is-resized\"><img loading=\"lazy\" decoding=\"async\" width=\"735\" height=\"879\" src=\"https:\/\/kbv-wiesederfehn.de\/wp-content\/uploads\/2019\/01\/Frieda-und-Helmut.png\" alt=\"\" class=\"wp-image-366\" style=\"width:334px;height:auto\" srcset=\"https:\/\/kbv-wiesederfehn.de\/wp-content\/uploads\/2019\/01\/Frieda-und-Helmut.png 735w, https:\/\/kbv-wiesederfehn.de\/wp-content\/uploads\/2019\/01\/Frieda-und-Helmut-251x300.png 251w, https:\/\/kbv-wiesederfehn.de\/wp-content\/uploads\/2019\/01\/Frieda-und-Helmut-125x150.png 125w\" sizes=\"(max-width: 735px) 100vw, 735px\" \/><\/figure><\/div>","protected":false},"excerpt":{"rendered":"<p>Helga Hagedorn am 26. Januar 2024 zum Ehrenmitglied ernannt! Auf der Jahreshauptversammlung am 26. Januar 2024 wurde Helga Hagedorn wegen besondererVerdienste auf Antrag des Vorstandes einstimmig zum Ehrenmitglied ernannt. Sichtlich&#8230;<\/p>\n<p class=\"continue-reading-button\"> <a class=\"continue-reading-link\" href=\"https:\/\/kbv-wiesederfehn.de\/?page_id=69\">Mehr lesen<i class=\"crycon-right-dir\"><\/i><\/a><\/p>\n","protected":false},"author":1,"featured_media":0,"parent":0,"menu_order":0,"comment_status":"closed","ping_status":"closed","template":"","meta":{"ngg_post_thumbnail":0,"footnotes":""},"_links":{"self":[{"href":"https:\/\/kbv-wiesederfehn.de\/index.php?rest_route=\/wp\/v2\/pages\/69"}],"collection":[{"href":"https:\/\/kbv-wiesederfehn.de\/index.php?rest_route=\/wp\/v2\/pages"}],"about":[{"href":"https:\/\/kbv-wiesederfehn.de\/index.php?rest_route=\/wp\/v2\/types\/page"}],"author":[{"embeddable":true,"href":"https:\/\/kbv-wiesederfehn.de\/index.php?rest_route=\/wp\/v2\/users\/1"}],"replies":[{"embeddable":true,"href":"https:\/\/kbv-wiesederfehn.de\/index.php?rest_route=%2Fwp%2Fv2%2Fcomments&post=69"}],"version-history":[{"count":12,"href":"https:\/\/kbv-wiesederfehn.de\/index.php?rest_route=\/wp\/v2\/pages\/69\/revisions"}],"predecessor-version":[{"id":5282,"href":"https:\/\/kbv-wiesederfehn.de\/index.php?rest_route=\/wp\/v2\/pages\/69\/revisions\/5282"}],"wp:attachment":[{"href":"https:\/\/kbv-wiesederfehn.de\/index.php?rest_route=%2Fwp%2Fv2%2Fmedia&parent=69"}],"curies":[{"name":"wp","href":"https:\/\/api.w.org\/{rel}","templated":true}]}}